{"id":2854,"date":"2022-09-07T14:00:51","date_gmt":"2022-09-07T14:00:51","guid":{"rendered":"https:\/\/web.di.uminho.pt\/sitedi\/?page_id=2854"},"modified":"2025-11-06T17:40:04","modified_gmt":"2025-11-06T17:40:04","slug":"dissertation","status":"publish","type":"page","link":"https:\/\/web.di.uminho.pt\/sitedi\/dissertation\/","title":{"rendered":"Disserta\u00e7\u00e3o"},"content":{"rendered":"\t\t<div data-elementor-type=\"wp-page\" data-elementor-id=\"2854\" class=\"elementor elementor-2854\">\n\t\t\t\t\t\t<section class=\"ob-is-breaking-bad elementor-section elementor-top-section elementor-element elementor-element-26a55483 elementor-section-boxed elementor-section-height-default elementor-section-height-default\" data-id=\"26a55483\" data-element_type=\"section\" data-e-type=\"section\" data-settings=\"{&quot;_ob_bbad_use_it&quot;:&quot;yes&quot;,&quot;_ob_bbad_sssic_use&quot;:&quot;no&quot;,&quot;_ob_glider_is_slider&quot;:&quot;no&quot;}\">\n\t\t\t\t\t\t<div class=\"elementor-container elementor-column-gap-default\">\n\t\t\t\t\t<div class=\"elementor-column elementor-col-100 elementor-top-column elementor-element elementor-element-3aa30728\" data-id=\"3aa30728\" data-element_type=\"column\" data-e-type=\"column\" data-settings=\"{&quot;_ob_bbad_is_stalker&quot;:&quot;no&quot;,&quot;_ob_teleporter_use&quot;:false,&quot;_ob_column_hoveranimator&quot;:&quot;no&quot;,&quot;_ob_column_has_pseudo&quot;:&quot;no&quot;}\">\n\t\t\t<div class=\"elementor-widget-wrap elementor-element-populated\">\n\t\t\t\t\t\t<div class=\"elementor-element elementor-element-3890b05b ob-harakiri-inherit ob-has-background-overlay elementor-widget elementor-widget-text-editor\" data-id=\"3890b05b\" data-element_type=\"widget\" data-e-type=\"widget\" data-settings=\"{&quot;_ob_use_harakiri&quot;:&quot;yes&quot;,&quot;_ob_harakiri_writing_mode&quot;:&quot;inherit&quot;,&quot;_ob_postman_use&quot;:&quot;no&quot;,&quot;_ob_perspektive_use&quot;:&quot;no&quot;,&quot;_ob_poopart_use&quot;:&quot;yes&quot;,&quot;_ob_shadough_use&quot;:&quot;no&quot;,&quot;_ob_allow_hoveranimator&quot;:&quot;no&quot;,&quot;_ob_widget_stalker_use&quot;:&quot;no&quot;}\" data-widget_type=\"text-editor.default\">\n\t\t\t\t<div class=\"elementor-widget-container\">\n\t\t\t\t\t\t\t\t\t<h2>Processo da disserta\u00e7\u00e3o<\/h2>\nO processo associado \u00e0 UC <em>Disserta\u00e7\u00e3o<\/em> tem um fluxo bem definido que deve ser seguido por todos os intervenientes:\n<ol>\n \t<li><a class=\"web\" href=\"#tema\">Escolha da proposta de tema<\/a><\/li>\n \t<li><a class=\"web\" href=\"#admissao\">Pedido de admiss\u00e3o<\/a><\/li>\n \t<li><a class=\"web\" href=\"#homologacao\">Homologa\u00e7\u00e3o<\/a><\/li>\n \t<li><a class=\"web\" href=\"#pre\">Relat\u00f3rio de pr\u00e9-disserta\u00e7\u00e3o<\/a><\/li>\n \t<li><a class=\"web\" href=\"#conclusao\">Conclus\u00e3o<\/a><\/li>\n \t<li><a class=\"web\" href=\"#ed\">Escrita e defesa<\/a><\/li>\n<\/ol>\n\n<hr \/>\n\n<a name=\"tema\"><\/a>\n<h4>1. ESCOLHA DA PROPOSTA DE TEMA<\/h4>\n(intervenientes: Aluno e potenciais Orientadores)\n\n<p>O processo conducente \u00e0 realiza\u00e7\u00e3o de uma disserta\u00e7\u00e3o de mestrado come\u00e7a com a escolha do tema. Em cada ano, torna-se p\u00fablico um conjunto de <a class=\"web\" href=\"https:\/\/dcmei.di.uminho.pt\/\" target=\"_blank\" rel=\"noopener\">propostas de temas de disserta\u00e7\u00e3o<\/a> sugeridos quer por docentes, quer por empresas ou institutos de investiga\u00e7\u00e3o.\n\n<p>Cada Aluno deve escolher o tema do seu interesse, na referida plataforma, e contactar os proponentes dos temas, com a maior brevidade poss\u00edvel, no sentido de se esclarecerem sobre a(s) proposta(s) da sua prefer\u00eancia. Cabe ainda ao proponente do tema decidir sobre a aceita\u00e7\u00e3o de candidaturas e resolu\u00e7\u00e3o de conflitos de interesses entre m\u00faltiplos candidatos ao mesmo tema.\n\n<p>O Orientador de cada trabalho de disserta\u00e7\u00e3o tem de ser obrigatoriamente um professor do MEI. S\u00f3 ap\u00f3s a aceita\u00e7\u00e3o do Orientador \u00e9 poss\u00edvel proceder \u00e0 formaliza\u00e7\u00e3o do Pedido de Admiss\u00e3o \u00e0 Disserta\u00e7\u00e3o, descarregando o formul\u00e1rio no endere\u00e7o <a href=\"https:\/\/w3.eng.uminho.pt\/limesurvey\/index.php\/136193?lang=pt\">Pedido de Admiss\u00e3o \u00e0 Disserta\u00e7\u00e3o &#8211; 2025\/26<\/a> (uminho.pt).\n\n<p>Um Aluno pode propor o seu pr\u00f3prio tema, devendo, contudo, encontrar um professor do MEI que esteja dispon\u00edvel para orientar os trabalhos.\n\n<a name=\"admissao\"><\/a>\n\n<h4><\/h4>\n<h4>2. PEDIDO DE ADMISS\u00c3O<\/h4>\n(intervenientes: Aluno, Orientador(es), Diretor de Curso, Presidente da Comiss\u00e3o Cient\u00edfica do Departamento ou Centro)\n<ul>\n \t<li>(<em>Aluno<\/em>) Preenchimento do formul\u00e1rio de admiss\u00e3o \u00e0 realiza\u00e7\u00e3o da disserta\u00e7\u00e3o \/ trabalho de projeto (ver acima)<\/li>\n \t<li>(<em>Aluno+Orientador<\/em>) Elabora\u00e7\u00e3o do plano de trabalhos (tipicamente, 3-4 p\u00e1ginas A4), de acordo com a seguinte estrutura:\n<ul>\n \t<li>Identifica\u00e7\u00e3o (MEI, Aluno, Orientadores, local)<\/li>\n \t<li>Tema<\/li>\n \t<li>Resumo (100-200 palavras)<\/li>\n \t<li>Enquadramento<\/li>\n \t<li>Objetivos<\/li>\n \t<li>M\u00e9todos de trabalho\/investiga\u00e7\u00e3o<\/li>\n \t<li>Calendariza\u00e7\u00e3o<\/li>\n \t<li>Bibliografia<\/li>\n \t<li>Assinaturas do Aluno e do(s) Orientador(es)<\/li>\n<\/ul>\n<\/li>\n \t<li>(<em>Aluno<\/em>) Entrega, at\u00e9 ao dia <strong>(data anunciada anualmente)<\/strong>, do formul\u00e1rio e do plano de trabalhos, ambos em vers\u00e3o eletr\u00f3nica (em PDF) atrav\u00e9s de <a href=\"https:\/\/dcmei.di.uminho.pt\" target=\"_blank\" rel=\"noopener\">dcmei.di.uminho.pt<\/a>.<\/li>\n \t<li>(<em>Diretor de Curso<\/em>) Valida\u00e7\u00e3o do formul\u00e1rio e do plano de trabalhos, assinatura do mesmo e envio ao aluno por email.<\/li>\n \t<li>(<em>Conselho Pedag\u00f3gico da EEUM<\/em>) Homologa\u00e7\u00e3o do plano de trabalhos.<\/li>\n \t<\/ul>\n<a name=\"homologacao\"><\/a>\n<h4>3. HOMOLOGA\u00c7\u00c3O<\/h4>\n(interveniente: Presidente do Conselho Pedag\u00f3gico)\n<ul>\n \t<li>(<em>Presidente do Conselho Pedag\u00f3gico<\/em>) Homologa\u00e7\u00e3o de toda a documenta\u00e7\u00e3o original.<\/li>\n \t<li>(<em>Presidente do Conselho Pedag\u00f3gico<\/em>) Envio por correio eletr\u00f3nico da homologa\u00e7\u00e3o do processo ao Aluno, ao Diretor de Curso e ao Orientador Acad\u00e9mico.<\/li>\n \t<li>(<em>Presidente do Conselho Pedag\u00f3gico<\/em>) Envio aos Servi\u00e7os Acad\u00e9micos da lista dos alunos que v\u00e3o iniciar a disserta\u00e7\u00e3o .<\/li>\n<\/ul>\n<a name=\"pre\"><\/a>\n<h4>4. RELAT\u00d3RIO DE PR\u00c9-DISSERTA\u00c7\u00c3O<\/h4>\n(intervenientes: Aluno, Colegas, Orientador(es), Docentes do DI)\n\n<p>A unidade curricular <strong>Disserta\u00e7\u00e3o<\/strong> compreende uma componente designada de <strong>Relat\u00f3rio de pr\u00e9-disserta\u00e7\u00e3o<\/strong> (RPD), que integra uma prova escrita, com <strong>apresenta\u00e7\u00e3o e discuss\u00e3o p\u00fablicas<\/strong>.\n\n<p>A prova escrita, na forma de um relat\u00f3rio t\u00e9cnico redigido de acordo com o estabelecido para a <a href=\"#escrita\">escrita da disserta\u00e7\u00e3o<\/a>, deve delimitar e caracterizar o problema a tratar no \u00e2mbito da disserta\u00e7\u00e3o de mestrado, o respetivo estado da arte e o planeamento da investiga\u00e7\u00e3o.\n\n<p>A elabora\u00e7\u00e3o do RPD decorrer\u00e1 durante o 1\u00ba semestre do ano letivo. O prazo limite para a submiss\u00e3o dos RPDs \u00e9 fixado anualmente e <strong>obrigatoriamente<\/strong> at\u00e9 s\u00f3 at\u00e9 esse dia (n\u00e3o haver\u00e1 extens\u00e3o do prazo). A submiss\u00e3o, de <strong>UM \u00daNICO<\/strong> ficheiro, dever\u00e1 ser feita atrav\u00e9s de <a href=\"https:\/\/dcmei.di.uminho.pt\" target=\"_blank\" rel=\"noopener\">dcmei.di.uminho.pt<\/a>.\n\n<!-- Este ano n\u00e3o ser\u00e1 necess\u00e1rio o parecer do Orientador, o qual o expressar\u00e1 diretamente \u00e0 Dire\u00e7\u00e3o de Curso no dia da Apresenta\u00e7\u00e3o (em caso de impossibilidade de estar presente, fa-lo-\u00e1 por email). -->\n\n<p>As apresenta\u00e7\u00f5es (de 15 mins = 10+5 para discuss\u00e3o) ser\u00e3o realizadas em dias a indicar oportunamente e de acordo com um calend\u00e1rio a ser publicado anualmente.\n\n<p>A sess\u00e3o de apresenta\u00e7\u00e3o e discuss\u00e3o p\u00fablica dos RPDs ser\u00e1 agendada para a semana seguinte \u00e0 data da submiss\u00e3o, segundo programa a definir pela DC.\n\n<p>Para a apresenta\u00e7\u00e3o e discuss\u00e3o p\u00fablica ser\u00e1 nomeado um j\u00fari, presidido pelo diretor do MEI (ou seu representante), a que se re\u00fanem o(s) orientador(es) e um arguente. A classifica\u00e7\u00e3o do RPD \u00e9 da responsabilidade do j\u00fari, que tomar\u00e1 em considera\u00e7\u00e3o a prova escrita e a respetiva apresenta\u00e7\u00e3o e discuss\u00e3o p\u00fablica. O resultado final ser\u00e1 de \u00edndole qualitativa e integrar\u00e1 o processo de avalia\u00e7\u00e3o da <em>Disserta\u00e7\u00e3o<\/em>.\n\n<p><strong>Datas (2022\/23)<\/strong>: Entrega &#8211; 22.Jan.2023; Discuss\u00e3o: semana de 30-Jan ou de 6-Fev\n\n<h4><\/h4>\n<a name=\"conclusao\"><\/a>\n<h4>5. CONCLUS\u00c3O<\/h4>\n(intervenientes: Aluno, Diretor de Curso, Orientador(es), Arguente)\n<ul>\n \t<li>(<em>Aluno<\/em>) Entrega, atrav\u00e9s do <a href=\"https:\/\/alunos.uminho.pt\/PT\/estudantes\/Paginas\/requerimentoprovas.aspx\" target=\"_blank\" rel=\"noopener\">Portal Acad\u00e9mico<\/a>, dos 4 seguintes documentos em formato digital:\n<ul>\n \t<li>disserta\u00e7\u00e3o<\/li>\n \t<li>curriculum vitae<\/li>\n \t<li>parecer do orientador (e coorientador caso exista)<\/li>\n \t<li>Declara\u00e7\u00e3o relativa ao dep\u00f3sito de disserta\u00e7\u00f5es e teses no <a href=\"https:\/\/repositorium.sdum.uminho.pt\/\">RepositoriUM<\/a> + Formul\u00e1rio para dep\u00f3sito legal de disserta\u00e7\u00f5es e teses no RepositoriUM.<\/li>\n<\/ul>\n<\/li>\n \t<li>(<em>Diretor de Curso<\/em>) Valida\u00e7\u00e3o do pedido de provas pela Dire\u00e7\u00e3o de Curso.<\/li>\n \t<li>(<em>Diretor de Curso<\/em>) Marca\u00e7\u00e3o da data de defesa p\u00fablica da disserta\u00e7\u00e3o.<\/li>\n \t<li>(<em>Diretor de Curso<\/em>) Publica\u00e7\u00e3o do edital no <a href=\"http:\/\/cp.eng.uminho.pt\/Editais.aspx\" target=\"_blank\" rel=\"noopener\">Portal<\/a> do Conselho Pedag\u00f3gico da Escola de Engenharia que ir\u00e1 referir se as provas ser\u00e3o presenciais ou por videoconfer\u00eancia.<\/li>\n \t<li>(<em>Diretor de Curso<\/em>) Envio de convocat\u00f3rias para os elementos do j\u00fari e para o aluno para a defesa p\u00fablica da disseerta\u00e7\u00e3o.<\/li>\n \t<li>(<em>Todos<\/em>) Realiza\u00e7\u00e3o das provas de defesa p\u00fablica da disserta\u00e7\u00e3o (ver mais <a href=\"#defesa\">detalhes<\/a>)<\/li>\n \t<li>(<em>Todos<\/em>) Ap\u00f3s a defesa e caso seja explicitamente indicado pelo j\u00fari, a vers\u00e3o definitiva da disserta\u00e7\u00e3o, em formato digital, dever\u00e1 ser entregue pelo Aluno, com as altera\u00e7\u00f5es sugeridas. O(s) Orientador(es), o Diretor de Curso e o Arguente validam a vers\u00e3o final da disserta\u00e7\u00e3o para posterior dep\u00f3sito no RepositoriUM.<\/li>\n \t<li>(<em>Diretor de Curso<\/em>) Lan\u00e7amento da nota em pauta definitiva e entrega no Conselho Pedag\u00f3gico.<\/li>\n \t<li>(<em>Diretor de Curso<\/em>) Envio da vers\u00e3o final da disserta\u00e7\u00e3o, em formato digital, e da &#8220;Declara\u00e7\u00e3o relativa ao dep\u00f3sito de disserta\u00e7\u00f5es e teses no RepositoriUM&#8221; + &#8220;Formul\u00e1rio para dep\u00f3sito legal de disserta\u00e7\u00f5es e teses no RepositoriUM&#8221; para o Gestor do RepositoriUM.<\/li>\n<\/ul>\n\n<hr \/>\n\n<a name=\"ed\"><\/a>\n<h4>ANEXO &#8211; ESCRITA E DEFESA<\/h4>\n<a name=\"escrita\"><\/a>\n<h3>Escrita da disserta\u00e7\u00e3o<\/h3>\nA escrita da disserta\u00e7\u00e3o deve seguir as normas definidas no <a href=\"https:\/\/alunos.uminho.pt\/PT\/estudantes\/Paginas\/default.aspx\" target=\"_blank\" rel=\"noopener\">Portal Acad\u00e9mico<\/a> da UMinho, no item <a href=\"https:\/\/alunos.uminho.pt\/PT\/estudantes\/Paginas\/InfoUteisFormatacao.aspx\">Formata\u00e7\u00e3o de Disserta\u00e7\u00f5es\/tese<\/a>. Adicionalmente, est\u00e3o dispon\u00edveis templates LaTeX\/Overleaf para a escrita da disserta\u00e7\u00e3o final, seguindo essas normas, nesta <a href=\"https:\/\/web.di.uminho.pt\/sitedi\/latex\/\">p\u00e1gina<\/a>.\n\n<p>A disserta\u00e7\u00e3o pode ser escrita quer em l\u00edngua portuguesa, quer em l\u00edngua inglesa.\n\n<!-- Um agradecimento especial ao Professor Jos\u00e9 Nuno Oliveira pela sua preciosa contribui\u00e7\u00e3o. -->\n\n<a name=\"defesa\"><\/a>\n<h3>Defesa p\u00fablica<\/h3>\nAs disserta\u00e7\u00f5es s\u00e3o avaliadas por um j\u00fari que tipicamente inclui, como arguente principal, um titular do grau de doutor, vinculado a uma institui\u00e7\u00e3o externa \u00e0 UMinho. O figurino que \u00e9 adotado para as provas \u00e9 o seguinte:\n<ul>\n \t<li>As provas iniciam-se com uma apresenta\u00e7\u00e3o de 15 min. por parte do aluno, em que dever\u00e3o ser salientados os aspetos mais relevantes do seu trabalho.<\/li>\n \t<li>Segue-se uma fase de 30 min. para argui\u00e7\u00e3o, em que o arguente externo faz os coment\u00e1rios ao trabalho e coloca quest\u00f5es, a que o aluno deve responder. Como \u00e9 h\u00e1bito em provas desta natureza, espera-se que o tempo seja equitativamente distribu\u00eddo pelo arguente e pelo aluno.<\/li>\n \t<li>No final, o orientador e o presidente podem fazer coment\u00e1rios ao trabalho, em interven\u00e7\u00f5es que n\u00e3o devem durar mais do que 5 min. cada.<\/li>\n<\/ul>\nN\u00e3o \u00e9 obrigat\u00f3rio o aluno apresentar, nos 15 min, tudo o que fez em pormenor. Em alguns casos pode ser sensato\/suficiente fazer uma apresenta\u00e7\u00e3o gen\u00e9rica do trabalho realizado e depois focar em 2 ou 3 aspetos que sejam considerados merecedores dessa diferencia\u00e7\u00e3o. Como recomenda\u00e7\u00e3o, sugere-se que cada apresenta\u00e7\u00e3o tenha, no m\u00e1ximo, 15 diapositivos.\n\n<p>O j\u00fari usa os seguintes crit\u00e9rios para avalia\u00e7\u00e3o das disserta\u00e7\u00f5es:\n<ul>\n \t<li>Satisfa\u00e7\u00e3o dos objetivos inicialmente propostos<\/li>\n \t<li>Resultados produzidos al\u00e9m da disserta\u00e7\u00e3o<\/li>\n \t<li>Qualidade do trabalho realizado (corre\u00e7\u00e3o, background\/SotA, profundidade, aplica\u00e7\u00e3o\/experimenta\u00e7\u00e3o, etc.)<\/li>\n \t<li>Qualidade da an\u00e1lise cr\u00edtica da contribui\u00e7\u00e3o e dos resultados obtidos<\/li>\n \t<li>Qualidade da disserta\u00e7\u00e3o (estrutura, corre\u00e7\u00e3o\/estilo da escrita, clareza, apresenta\u00e7\u00e3o, etc.)<\/li>\n \t<li>Qualidade da apresenta\u00e7\u00e3o oral e da argumenta\u00e7\u00e3o<\/li>\n \t<li>Maturidade cient\u00edfica do aluno.<\/li>\n<\/ul>\t\t\t\t\t\t\t\t<\/div>\n\t\t\t\t<\/div>\n\t\t\t\t\t<\/div>\n\t\t<\/div>\n\t\t\t\t\t<\/div>\n\t\t<\/section>\n\t\t\t\t<\/div>\n\t\t","protected":false},"excerpt":{"rendered":"<p>Processo da disserta\u00e7\u00e3o O processo associado \u00e0 UC Disserta\u00e7\u00e3o tem um fluxo bem definido que deve ser seguido por todos os intervenientes: Escolha da proposta de tema Pedido de admiss\u00e3o &#8230;<\/p>\n","protected":false},"author":5,"featured_media":0,"parent":0,"menu_order":0,"comment_status":"closed","ping_status":"closed","template":"","meta":{"_exactmetrics_skip_tracking":false,"_exactmetrics_sitenote_active":false,"_exactmetrics_sitenote_note":"","_exactmetrics_sitenote_category":0,"_themeisle_gutenberg_block_has_review":false,"footnotes":""},"class_list":["post-2854","page","type-page","status-publish","hentry"],"_links":{"self":[{"href":"https:\/\/web.di.uminho.pt\/sitedi\/wp-json\/wp\/v2\/pages\/2854","targetHints":{"allow":["GET"]}}],"collection":[{"href":"https:\/\/web.di.uminho.pt\/sitedi\/wp-json\/wp\/v2\/pages"}],"about":[{"href":"https:\/\/web.di.uminho.pt\/sitedi\/wp-json\/wp\/v2\/types\/page"}],"author":[{"embeddable":true,"href":"https:\/\/web.di.uminho.pt\/sitedi\/wp-json\/wp\/v2\/users\/5"}],"replies":[{"embeddable":true,"href":"https:\/\/web.di.uminho.pt\/sitedi\/wp-json\/wp\/v2\/comments?post=2854"}],"version-history":[{"count":43,"href":"https:\/\/web.di.uminho.pt\/sitedi\/wp-json\/wp\/v2\/pages\/2854\/revisions"}],"predecessor-version":[{"id":4389,"href":"https:\/\/web.di.uminho.pt\/sitedi\/wp-json\/wp\/v2\/pages\/2854\/revisions\/4389"}],"wp:attachment":[{"href":"https:\/\/web.di.uminho.pt\/sitedi\/wp-json\/wp\/v2\/media?parent=2854"}],"curies":[{"name":"wp","href":"https:\/\/api.w.org\/{rel}","templated":true}]}}