{"id":3772,"date":"2024-06-21T13:13:15","date_gmt":"2024-06-21T13:13:15","guid":{"rendered":"https:\/\/web.di.uminho.pt\/sitedi\/?page_id=3772"},"modified":"2024-06-26T15:46:58","modified_gmt":"2024-06-26T15:46:58","slug":"inmemoriam","status":"publish","type":"page","link":"https:\/\/web.di.uminho.pt\/sitedi\/pessoal\/inmemoriam\/","title":{"rendered":"In Memoriam"},"content":{"rendered":"\t\t<div data-elementor-type=\"wp-page\" data-elementor-id=\"3772\" class=\"elementor elementor-3772\">\n\t\t\t\t\t\t<section class=\"ob-is-breaking-bad elementor-section elementor-top-section elementor-element elementor-element-5d520df5 elementor-section-boxed elementor-section-height-default elementor-section-height-default\" data-id=\"5d520df5\" data-element_type=\"section\" data-e-type=\"section\" data-settings=\"{&quot;_ob_bbad_use_it&quot;:&quot;yes&quot;,&quot;_ob_bbad_sssic_use&quot;:&quot;no&quot;,&quot;_ob_glider_is_slider&quot;:&quot;no&quot;}\">\n\t\t\t\t\t\t<div class=\"elementor-container elementor-column-gap-default\">\n\t\t\t\t\t<div class=\"elementor-column elementor-col-100 elementor-top-column elementor-element elementor-element-63298168\" data-id=\"63298168\" data-element_type=\"column\" data-e-type=\"column\" data-settings=\"{&quot;_ob_bbad_is_stalker&quot;:&quot;no&quot;,&quot;_ob_teleporter_use&quot;:false,&quot;_ob_column_hoveranimator&quot;:&quot;no&quot;,&quot;_ob_column_has_pseudo&quot;:&quot;no&quot;}\">\n\t\t\t<div class=\"elementor-widget-wrap elementor-element-populated\">\n\t\t\t\t\t\t<div class=\"elementor-element elementor-element-3d15e88e ob-harakiri-inherit ob-has-background-overlay elementor-widget elementor-widget-text-editor\" data-id=\"3d15e88e\" data-element_type=\"widget\" data-e-type=\"widget\" data-settings=\"{&quot;_ob_use_harakiri&quot;:&quot;yes&quot;,&quot;_ob_harakiri_writing_mode&quot;:&quot;inherit&quot;,&quot;_ob_postman_use&quot;:&quot;no&quot;,&quot;_ob_perspektive_use&quot;:&quot;no&quot;,&quot;_ob_poopart_use&quot;:&quot;yes&quot;,&quot;_ob_shadough_use&quot;:&quot;no&quot;,&quot;_ob_allow_hoveranimator&quot;:&quot;no&quot;,&quot;_ob_widget_stalker_use&quot;:&quot;no&quot;}\" data-widget_type=\"text-editor.default\">\n\t\t\t\t<div class=\"elementor-widget-container\">\n\t\t\t\t\t\t\t\t\t<h3>Jos\u00e9 Carlos Ferreira Maia Neves (1948-2024)<\/h3>\n<h4>Curta biografia \u00a0 (<a href=\"https:\/\/web-di-uminho-pt.translate.goog\/sitedi\/pessoal\/inmemoriam\/?_x_tr_sl=pt&amp;_x_tr_tl=en&amp;_x_tr_hl=pt-PT&amp;_x_tr_pto=wapp\">EN<\/a>)<\/h4>\n<strong>Jos\u00e9 Carlos Ferreira Maia Neves<\/strong> <img decoding=\"async\" title=\"JCFMN\" src=\"\/\/web.di.uminho.pt\/sitedi\/wp-content\/uploads\/sites\/11\/2024\/06\/jneves.jpeg\" width=\"58%\" align=\"right\" hspace=\"25\" vspace=\"8\" \/> nasceu em 1948 e licenciou-se em Engenharia Qu\u00edmica pela Universidade de Coimbra em 1976. A sua forma\u00e7\u00e3o acad\u00e9mica incluiu o Mestrado em Desenvolvimento de Software e An\u00e1lise pela Universidade de Heriot-Watt, Esc\u00f3cia (1981), o Doutoramento em Ci\u00eancias da Computa\u00e7\u00e3o pela Universidade de Heriot-Watt, Esc\u00f3cia (1983) e a Agrega\u00e7\u00e3o em Inform\u00e1tica pela Universidade do Minho (1998). Foi Professor Catedr\u00e1tico do Departamento de Inform\u00e1tica da Escola de Engenharia da Universidade do Minho de 1999 a 2018.\n<p><\/p>\nJos\u00e9 Carlos Ferreira Maia Neves foi Professor e Investigador do Centro <a href=\"https:\/\/algoritmi.uminho.pt\/\">ALGORITMI<\/a> na \u00e1rea das Ci\u00eancias da Computa\u00e7\u00e3o, e \u00e9 especialmente conhecido pelas suas contribui\u00e7\u00f5es significativas na Intelig\u00eancia Artificial (IA) e na Engenharia do Conhecimento. Foi reconhecido como Professor Em\u00e9rito da Universidade do Minho, onde dedicou grande parte de sua carreira acad\u00e9mica e de investiga\u00e7\u00e3o.\n<p><\/p>\nJos\u00e9 Carlos Ferreira Maia Neves tornou-se um pioneiro na introdu\u00e7\u00e3o da Intelig\u00eancia Artificial em Portugal e particularmente na Universidade do Minho. Foi um dos fundadores da Associa\u00e7\u00e3o Portuguesa para a Intelig\u00eancia Artificial. Criou um grupo dedicado ao estudo da IA, abrangendo \u00e1reas como a representa\u00e7\u00e3o de conhecimento, o racioc\u00ednio l\u00f3gico, a l\u00f3gica computacional, a computa\u00e7\u00e3o evolucion\u00e1ria e a aprendizagem por computador. Ao longo da sua carreira, orientou com sucesso 27 doutoramentos e publicou mais de 425 artigos indexados no <a href=\"https:\/\/www.scopus.com\/authid\/detail.uri?authorId=7102055608\">SCOPUS<\/a> em revistas, livros, cap\u00edtulos de livros e atas de confer\u00eancia. Al\u00e9m disso participou em dezenas de projetos com financiamento p\u00fablico ou privado. Foi, ainda, um dos pioneiros na transfer\u00eancia de conhecimento para a ind\u00fastria na Universidade do Minho. Foi um Homem disruptivo e com um grande cora\u00e7\u00e3o, diferente porque nunca quis ser como todos. Foi um l\u00edder como os l\u00edderes devem ser, ouvindo sempre os outros com aten\u00e7\u00e3o e respeito.\t\t\t\t\t\t\t\t<\/div>\n\t\t\t\t<\/div>\n\t\t\t\t\t<\/div>\n\t\t<\/div>\n\t\t\t\t\t<\/div>\n\t\t<\/section>\n\t\t\t\t<\/div>\n\t\t","protected":false},"excerpt":{"rendered":"<p>Jos\u00e9 Carlos Ferreira Maia Neves (1948-2024) Curta biografia \u00a0 (EN) Jos\u00e9 Carlos Ferreira Maia Neves nasceu em 1948 e licenciou-se em Engenharia Qu\u00edmica pela Universidade de Coimbra em 1976. A &#8230;<\/p>\n","protected":false},"author":5,"featured_media":0,"parent":9,"menu_order":0,"comment_status":"closed","ping_status":"closed","template":"","meta":{"_exactmetrics_skip_tracking":false,"_exactmetrics_sitenote_active":false,"_exactmetrics_sitenote_note":"","_exactmetrics_sitenote_category":0,"_themeisle_gutenberg_block_has_review":false,"footnotes":""},"class_list":["post-3772","page","type-page","status-publish","hentry"],"_links":{"self":[{"href":"https:\/\/web.di.uminho.pt\/sitedi\/wp-json\/wp\/v2\/pages\/3772","targetHints":{"allow":["GET"]}}],"collection":[{"href":"https:\/\/web.di.uminho.pt\/sitedi\/wp-json\/wp\/v2\/pages"}],"about":[{"href":"https:\/\/web.di.uminho.pt\/sitedi\/wp-json\/wp\/v2\/types\/page"}],"author":[{"embeddable":true,"href":"https:\/\/web.di.uminho.pt\/sitedi\/wp-json\/wp\/v2\/users\/5"}],"replies":[{"embeddable":true,"href":"https:\/\/web.di.uminho.pt\/sitedi\/wp-json\/wp\/v2\/comments?post=3772"}],"version-history":[{"count":38,"href":"https:\/\/web.di.uminho.pt\/sitedi\/wp-json\/wp\/v2\/pages\/3772\/revisions"}],"predecessor-version":[{"id":3837,"href":"https:\/\/web.di.uminho.pt\/sitedi\/wp-json\/wp\/v2\/pages\/3772\/revisions\/3837"}],"up":[{"embeddable":true,"href":"https:\/\/web.di.uminho.pt\/sitedi\/wp-json\/wp\/v2\/pages\/9"}],"wp:attachment":[{"href":"https:\/\/web.di.uminho.pt\/sitedi\/wp-json\/wp\/v2\/media?parent=3772"}],"curies":[{"name":"wp","href":"https:\/\/api.w.org\/{rel}","templated":true}]}}

<div data-elementor-type="wp-page" data-elementor-id="3772" class="elementor elementor-3772">
						<section class="ob-is-breaking-bad elementor-section elementor-top-section elementor-element elementor-element-5d520df5 elementor-section-boxed elementor-section-height-default elementor-section-height-default" data-id="5d520df5" data-element_type="section" data-e-type="section" data-settings="{&quot;_ob_bbad_use_it&quot;:&quot;yes&quot;,&quot;_ob_bbad_sssic_use&quot;:&quot;no&quot;,&quot;_ob_glider_is_slider&quot;:&quot;no&quot;}">
						<div class="elementor-container elementor-column-gap-default">
					<div class="elementor-column elementor-col-100 elementor-top-column elementor-element elementor-element-63298168" data-id="63298168" data-element_type="column" data-e-type="column" data-settings="{&quot;_ob_bbad_is_stalker&quot;:&quot;no&quot;,&quot;_ob_teleporter_use&quot;:false,&quot;_ob_column_hoveranimator&quot;:&quot;no&quot;,&quot;_ob_column_has_pseudo&quot;:&quot;no&quot;}">
			<div class="elementor-widget-wrap elementor-element-populated">
						<div class="elementor-element elementor-element-3d15e88e ob-harakiri-inherit ob-has-background-overlay elementor-widget elementor-widget-text-editor" data-id="3d15e88e" data-element_type="widget" data-e-type="widget" data-settings="{&quot;_ob_use_harakiri&quot;:&quot;yes&quot;,&quot;_ob_harakiri_writing_mode&quot;:&quot;inherit&quot;,&quot;_ob_postman_use&quot;:&quot;no&quot;,&quot;_ob_perspektive_use&quot;:&quot;no&quot;,&quot;_ob_poopart_use&quot;:&quot;yes&quot;,&quot;_ob_shadough_use&quot;:&quot;no&quot;,&quot;_ob_allow_hoveranimator&quot;:&quot;no&quot;,&quot;_ob_widget_stalker_use&quot;:&quot;no&quot;}" data-widget_type="text-editor.default">
				<div class="elementor-widget-container">
									<h3>José Carlos Ferreira Maia Neves (1948-2024)</h3>
<h4>Curta biografia   (<a href="https://web-di-uminho-pt.translate.goog/sitedi/pessoal/inmemoriam/?_x_tr_sl=pt&amp;_x_tr_tl=en&amp;_x_tr_hl=pt-PT&amp;_x_tr_pto=wapp">EN</a>)</h4>
<strong>José Carlos Ferreira Maia Neves</strong> <img decoding="async" title="JCFMN" src="//web.di.uminho.pt/sitedi/wp-content/uploads/sites/11/2024/06/jneves.jpeg" width="58%" align="right" hspace="25" vspace="8" /> nasceu em 1948 e licenciou-se em Engenharia Química pela Universidade de Coimbra em 1976. A sua formação académica incluiu o Mestrado em Desenvolvimento de Software e Análise pela Universidade de Heriot-Watt, Escócia (1981), o Doutoramento em Ciências da Computação pela Universidade de Heriot-Watt, Escócia (1983) e a Agregação em Informática pela Universidade do Minho (1998). Foi Professor Catedrático do Departamento de Informática da Escola de Engenharia da Universidade do Minho de 1999 a 2018.
<p></p>
José Carlos Ferreira Maia Neves foi Professor e Investigador do Centro <a href="https://algoritmi.uminho.pt/">ALGORITMI</a> na área das Ciências da Computação, e é especialmente conhecido pelas suas contribuições significativas na Inteligência Artificial (IA) e na Engenharia do Conhecimento. Foi reconhecido como Professor Emérito da Universidade do Minho, onde dedicou grande parte de sua carreira académica e de investigação.
<p></p>
José Carlos Ferreira Maia Neves tornou-se um pioneiro na introdução da Inteligência Artificial em Portugal e particularmente na Universidade do Minho. Foi um dos fundadores da Associação Portuguesa para a Inteligência Artificial. Criou um grupo dedicado ao estudo da IA, abrangendo áreas como a representação de conhecimento, o raciocínio lógico, a lógica computacional, a computação evolucionária e a aprendizagem por computador. Ao longo da sua carreira, orientou com sucesso 27 doutoramentos e publicou mais de 425 artigos indexados no <a href="https://www.scopus.com/authid/detail.uri?authorId=7102055608">SCOPUS</a> em revistas, livros, capítulos de livros e atas de conferência. Além disso participou em dezenas de projetos com financiamento público ou privado. Foi, ainda, um dos pioneiros na transferência de conhecimento para a indústria na Universidade do Minho. Foi um Homem disruptivo e com um grande coração, diferente porque nunca quis ser como todos. Foi um líder como os líderes devem ser, ouvindo sempre os outros com atenção e respeito.								</div>
				</div>
					</div>
		</div>
					</div>
		</section>
				</div>

<p>José Carlos Ferreira Maia Neves (1948-2024) Curta biografia   (EN) José Carlos Ferreira Maia Neves nasceu em 1948 e licenciou-se em Engenharia Química pela Universidade de Coimbra em 1976. A &#8230;</p>
